te the remainder when 44627 is divided by 11153.
15
What is the remainder when 20496 is divided by 12?
0
What is the remainder when 7932 is divided by 64?
60
What is the remainder when 11694 is divided by 8?
6
What is the remainder when 9794 is divided by 426?
422
What is the remainder when 149864 is divided by 170?
94
Calculate the remainder when 1289 is divided by 1205.
84
What is the remainder when 1175 is divided by 252?
167
What is the remainder when 43464 is divided by 117?
57
Calculate the remainder when 3374 is divided by 35.
14
What is the remainder when 1933 is divided by 72?
61
What is the remainder when 10220 is divided by 418?
188
What is the remainder when 567914 is divided by 1145?
1139
Calculate the remainder when 611516 is divided by 2.
0
Calculate the remainder when 17710 is divided by 27.
25
Calculate the remainder when 32445 is divided by 16.
13
What is the remainder when 6808 is divided by 3?
1
Calculate the remainder when 17145 is divided by 112.
9
What is the remainder when 31625 is divided by 6?
5
Calculate the remainder when 5989 is divided by 820.
249
What is the remainder when 87170 is divided by 507?
473
Calculate the remainder when 16991 is divided by 4189.
235
What is the remainder when 4852 is divided by 37?
5
Calculate the remainder when 22015 is divided by 657.
334
Calculate the remainder when 72124 is divided by 6555.
19
What is the remainder when 572 is divided by 16?
12
Calculate the remainder when 511262 is divided by 10225.
12
Calculate the remainder when 476937 is divided by 163.
162
What is the remainder when 86779 is divided by 255?
79
What is the remainder when 33223 is divided by 2550?
73
Calculate the remainder when 6455 is divided by 17.
12
What is the remainder when 170 is divided by 38?
18
Calculate the remainder when 2414 is divided by 150.
14
Calculate the remainder when 85363 is divided by 5.
3
What is the remainder when 3472 is divided by 48?
16
Calculate the remainder when 200141 is divided by 40024.
21
What is the remainder when 131035 is divided by 21839?
1
What is the remainder when 2697 is divided by 684?
645
What is the remainder when 219198 is divided by 53?
43
Calculate the remainder when 1698939 is divided by 15.
9
What is the remainder when 978833 is divided by 65?
63
Calculate the remainder when 12376 is divided by 153.
136
What is the remainder when 342047 is divided by 22?
13
Calculate the remainder when 208257 is divided by 245.
7
What is the remainder when 17390 is divided by 5772?
74
Calculate the remainder when 572023 is divided by 3092.
3
Calculate the remainder when 28971 is divided by 16.
11
Calculate the remainder when 9086 is divided by 2910.
356
Calculate the remainder when 152667 is divided by 480.
27
Calculate the remainder when 31446 is divided by 7860.
6
What is the remainder when 91079 is divided by 276?
275
What is the remainder when 2726 is divided by 738?
512
What is the remainder when 5061684 is divided by 695?
694
Calculate the remainder when 23891 is divided by 22.
21
Calculate the remainder when 6981 is divided by 466.
457
Calculate the remainder when 1193 is divided by 84.
17
Calculate the remainder when 296854 is divided by 1596.
1594
Calculate the remainder when 37559 is divided by 587.
578
Calculate the remainder when 199652 is divided by 245.
222
Calculate the remainder when 40217 is divided by 296.
257
What is the remainder when 16349 is divided by 1188?
905
Calculate the remainder when 17185 is divided by 3256.
905
Calculate the remainder when 39645 is divided by 69.
39
What is the remainder when 14630 is divided by 814?
792
Calculate the remainder when 1001310 is divided by 10.
0
What is the remainder when 87082 is divided by 177?
175
What is the remainder when 104394 is divided by 6524?
10
What is the remainder when 478412 is divided by 611?
610
What is the remainder when 4858969 is divided by 31?
29
Calculate the remainder when 22837 is divided by 141.
136
Calculate the remainder when 3217 is divided by 1490.
237
Calculate the remainder when 15519 is divided by 7315.
889
What is the remainder when 86485 is divided by 6651?
22
What is the remainder when 1349710 is divided by 468?
466
What is the remainder when 11346 is divided by 97?
94
What is the remainder when 596 is divided by 34?
18
What is the remainder when 75261 is divided by 30?
21
What is the remainder when 5267 is divided by 652?
51
What is the remainder when 33763 is divided by 91?
2
Calculate the remainder when 78546 is divided by 1190.
6
Calculate the remainder when 742 is divided by 407.
335
Calculate the remainder when 12 is divided by 10.
2
What is the remainder when 66184 is divided by 16?
8
Calculate the remainder when 83084 is divided by 268.
4
What is the remainder when 1374 is divided by 61?
32
What is the remainder when 110333 is divided by 64?
61
What is the remainder when 13571 is divided by 174?
173
Calculate the remainder when 4625 is divided by 767.
23
What is the remainder when 873 is divided by 412?
49
Calculate the remainder when 3398 is divided by 94.
14
What is the remainder when 70398 is divided by 1530?
18
What is the remainder when 21772 is divided by 363?
355
Calculate the remainder when 1473 is divided by 1430.
43
What is the remainder when 598143 is divided by 30?
3
Calculate the remainder when 97652 is divided by 48814.
24
What is the remainder when 1425 is divided by 691?
43
Calculate the remainder when 39650 is divided by 52.
26
Calculate the remainder when 148606 is divided by 46.
26
What is the remainder when 64934 is divided by 9?
8
What is the remainder when 1133 is divided by 133?
69
Calculate the remainder when 144251 is divided by 11.
8
What is the remainder when 4088 is divided by 86?
46
Calculate the remainder when 72615 is divided by 232.
231
Calculate the remainder when 1169541 is divided by 139.
134
What is the remainder when 56695 is divided by 661?
510
What is the remainder when 2373714 is divided by 179?
174
Calculate the remainder when 2173 is divided by 136.
133
What is the remainder when 19020 is divided by 16?
12
Calculate the remainder when 5625 is divided by 281.
5
What is the remainder when 55606 is divided by 166?
162
Calculate the remainder when 15451 is divided by 5133.
52
What is the remainder when 3342304 is divided by 25?
4
What is the remainder when 2584061 is divided by 1648?
1645
What is the remainder when 1005 is divided by 570?
435
What is the remainder when 344571 is divided by 1346?
1341
What is the remainder when 76 is divided by 16?
12
What is the remainder when 8888 is divided by 1106?
40
What is the remainder when 2968 is divided by 8?
0
What is the remainder when 11920 is divided by 76?
64
Calculate the remainder when 62714 is divided by 62703.
11
What is the remainder when 249825 is divided by 1688?
1
What is the remainder when 13849 is divided by 13832?
17
What is the remainder when 3658 is divided by 661?
353
Calculate the remainder when 32152 is divided by 134.
126
Calculate the remainder when 83881 is divided by 94.
33
What is the remainder when 92504 is divided by 30834?
2
Calculate the remainder when 2902 is divided by 83.
80
What is the remainder when 73235 is divided by 1003?
16
Calculate the remainder when 107077 is divided by 26738.
125
What is the remainder when 10007 is divided by 835?
822
What is the remainder when 4234 is divided by 708?
694
What is the remainder when 3738893 is divided by 163?
162
Calculate the remainder when 324 is divided by 78.
12
What is the remainder when 3421 is divided by 230?
201
What is the remainder when 12675 is divided by 1468?
931
What is the remainder when 17764 is divided by 33?
10
Calculate the remainder when 259043 is divided by 57.
35
What is the remainder when 40771 is divided by 10191?
7
Calculate the remainder when 27889 is divided by 1608.
553
What is the remainder when 49143 is divided by 19?
9
Calculate the remainder when 662512 is divided by 331238.
36
What is the remainder when 349 is divided by 178?
171
Calculate the remainder when 17828 is divided by 50.
28
Calculate the remainder when 113157 is divided by 69.
66
What is the remainder when 1186 is divided by 1117?
69
What is the remainder when 1717 is divided by 875?
842
What is the remainder when 27037 i